. Let a be x(j). Calculate the greatest common divisor of 15 and a.
5
Let i be (-3)/2*784/(-21). Calculate the greatest common divisor of i and 140.
28
Suppose h = -h - 3*p + 30, 2*h - 5*p = 14. Let b = 13 - 6. Let y = 37 - b. Calculate the highest common divisor of h and y.
6
Suppose -4*j + 5 = -3. Let g = -34 + 56. Suppose j*d + g = 4*d. Calculate the highest common divisor of 1 and d.
1
Suppose 0 = 4*o + 3*m - 59, 0 = 2*o - 4*m - 4 + 2. Calculate the highest common divisor of o and 1.
1
Suppose -4*i - 380 = -9*i. Let u = 208 - i. Let t(h) = 13*h**3 - h. Let a be t(1). What is the highest common divisor of a and u?
12
Let z = 3 - 1. Let u(h) = 3*h**2 + 1. Let b be u(1). Suppose b*k = k, z*s = k + 56. Calculate the highest common divisor of s and 42.
14
Suppose -y + 10 = -2*x, 2*x - 6*x + 12 = 0. Suppose 0 = -g + 24 + y. Calculate the greatest common divisor of 100 and g.
20
Suppose 27 - 72 = -2*w - 5*y, -21 = -w - 2*y. Let j(d) = -15*d + 110. Let u be j(7). Calculate the greatest common factor of u and w.
5
Let i(d) = -2*d - 8. Let v(f) = 9*f + 39. Let m(u) = 21*i(u) + 4*v(u). Let o = -25 - -17. Let y be m(o). Calculate the greatest common factor of y and 9.
9
Let d(o) = -o**2 - 5*o - 6. Let s be d(-5). Let t be (-4)/(-6) - (-4)/s. Suppose 2*z + z - 33 = t. What is the highest common divisor of z and 11?
11
Suppose 36 = -y - 3*y. Let l = 17 + y. Calculate the highest common factor of 56 and l.
8
Let g be 3/2*(-12)/(-9). Suppose g*q - 33 = q + 4*b, -4*b = -4*q + 132. Calculate the greatest common factor of 3 and q.
3
Let u(n) = -n**3 - 4*n**2 + 4*n - 6. Let v be u(-5). Let c be v/4 + 114/8. What is the highest common factor of c and 2?
2
Let v be 12/42 - 1506/(-21). Calculate the highest common divisor of 180 and v.
36
Let n = 120 + -68. Calculate the highest common divisor of n and 208.
52
Let s = 3 - 8. Let j(b) = -3*b**2 + b**3 - 5*b**3 + 7*b + 15 + 3*b**3 - 8. Let f be j(s). Calculate the highest common divisor of f and 55.
11
Suppose -t + 2 + 6 = 0. What is the highest common factor of t and 56?
8
Suppose 7 + 41 = 6*f. Let r(d) be the third derivative of 13*d**4/24 - d**3/3 - d**2. Let i be r(2). Calculate the greatest common factor of i and f.
8
Suppose -2475 = -7*u - 2*u. What is the greatest common factor of 25 and u?
25
Let b be -2 + 0 + 16/1. Let v = b - 4. Let h = 44 + -29. Calculate the highest common factor of v and h.
5
Let a be 1 - (2 - 1*12). Suppose t + 443 = 2*f + 2*f, 5*f - 544 = -2*t. Calculate the highest common divisor of a and f.
11
Let c(r) = -2*r - 7*r**2 + 3*r + 13 - 5*r - 11 - r**3. Let o = -9 - -1. Let i be c(o). What is the greatest common divisor of i and 14?
14
Let w = -13 + 18. What is the greatest common factor of 15 and w?
5
Let k = -8 + 8. Let v = 6 + -32. Let r be v/2*(-1 - k). What is the greatest common divisor of r and 13?
13
Suppose q = -g - 1, -3*g = g - 4*q - 20. Let n = 6 - 4. Suppose w = -2*j + 9, -n*w - 5*j = -16 - 5. Calculate the highest common divisor of g and w.
1
Let c(a) = -2*a - 2 + 6*a + 6. Let g be c(5). Let m(r) = -5*r - 3. Let q be m(-3). Calculate the highest common factor of g and q.
12
Suppose -14 = c - 5*i, c + 8 = -0*c + 2*i. Let j = c - -11. What is the greatest common factor of 77 and j?
7
Let g(a) = 2*a**2 + 9*a - 7. Let j be g(-7). Let o be 8/j - 500/(-14). Calculate the greatest common factor of 12 and o.
12
Suppose 8*p - 3*p = 3*s - 114, -5*s + 190 = 2*p. Calculate the highest common divisor of s and 342.
38
Let r(i) = 2*i. Let n be r(-1). Let u be (-1)/n - 10/(-4). Let o(c) = c**3 + 3*c**2 - 2*c - 1. Let j be o(2). What is the greatest common factor of u and j?
3
Let d = 11 + -9. Suppose -280 = -d*v - 16. Calculate the highest common divisor of 12 and v.
12
Suppose -5*s - 2*q = -q - 156, 5*q = s - 52. Calculate the highest common factor of s and 16.
16
Let o be (-1)/(3/(-12)*1). Let k(f) = f**2 - 4. Let q be k(o). Let t be ((-32)/(-6))/(2/q). Calculate the greatest common divisor of t and 4.
4
Suppose z - 2*z = -63. Suppose 5*n - 18 - z = -4*u, 2*u = 5*n + 3. Calculate the highest common factor of u and 21.
7
Let a be (-7)/(-21) + 202/6. What is the highest common factor of 85 and a?
17
Let m(h) = -h**2 - 2*h + 9. Let k be m(0). What is the greatest common divisor of 36 and k?
9
Suppose 123 - 24 = l. Let v be 15/6*18/15. Suppose -t - p + v*p = -11, -2*t = 3*p - 15. What is the greatest common divisor of l and t?
9
Suppose -72 = x - 4*x. Let r = -37 + 43. What is the greatest common factor of r and x?
6
Let i = -9 + 15. Let u = 6 + i. What is the highest common divisor of 8 and u?
4
Suppose 4*r + h = 42, 3*r - 17 - 21 = -4*h. Suppose -28 = -3*k - r. Calculate the highest common factor of k and 3.
3
Let x be 4/6 - (-70)/(-15). Let v be (-1)/(-2)*x - -12. Calculate the greatest common divisor of 4 and v.
2
Let w be 12/(-20) + 34/(-10). Let u = w - -25. What is the highest common factor of u and 3?
3
Let z be (-2 + 2/((-40)/(-292)))*5. Calculate the highest common factor of 42 and z.
21
Suppose 816 - 2811 = -19*p. Let x be -1 - -1*(-1 - -17). What is the highest common factor of p and x?
15
Suppose -5*t + 261 = -1524. Let n = -237 + t. Let j be -1*(8 - 7) - -16. What is the highest common divisor of n and j?
15
Let o be ((-24)/(-15))/((-1)/(-10)). Suppose -9*x = 114 - 1266. Calculate the highest common divisor of o and x.
16
Suppose -3*h + 800 = 5*h. Calculate the greatest common factor of h and 40.
20
Suppose 3*f + q - 2*q = -178, f - 5*q = -64. Let g = 104 + f. What is the greatest common divisor of g and 15?
15
Let l = -21 + 37. Suppose 3*s + 5*r - 9 = 1, 3*s - 4*r = -8. Suppose -2*u - u + 192 = s. Calculate the greatest common factor of l and u.
16
Let h = -7 - -49. What is the greatest common factor of 7 and h?
7
Suppose 0 = -5*r - 15, -3*s = -6*r + 2*r - 60. Calculate the highest common divisor of 40 and s.
8
Suppose -12*m + 4*m = -248. What is the highest common divisor of 31 and m?
31
Suppose -2*p + 152 = -z, -144 = -2*p + 7*z - 2*z. Calculate the highest common factor of 11 and p.
11
Suppose 8*c = 1266 + 1726. What is the highest common factor of 22 and c?
22
Suppose 0 = c + 4*c + 55. Let l = -35 - c. Let q be -2 - (0 - l/(-3)). Calculate the highest common factor of q and 15.
3
Let o be (0/1 - 2) + 15. Let q = 29 - o. Let p be (-40)/(-25)*(0 - 1)*-5. What is the highest common divisor of q and p?
8
Suppose -d + 11 - 3 = 0. Let r be (-44)/(-5) - d/10. Calculate the highest common divisor of r and 32.
8
Suppose -65 - 71 = -k. Let p be 2 - (-2 - (2 + 11)). Calculate the greatest common divisor of p and k.
17
Suppose -4*b + 9*b - 115 = 0. Let r = b - 14. What is the greatest common divisor of r and 9?
9
Let w be 4 + 5/(20/32). Calculate the greatest common factor of w and 6.
6
Let s = -9 - -30. What is the highest common divisor of 7 and s?
7
Let c(k) = -14*k + 3. Let m be c(-7). Let l = 148 - m. Let b = l + -2. Calculate the highest common divisor of 9 and b.
9
Let d(v) = 5*v + 5. Let f be d(7). What is the greatest common factor of f and 5?
5
Suppose h = 70 - 67. Calculate the highest common factor of h and 12.
3
Let w(t) = 398*t**2 - t**3 + 23 - 398*t**2 + t + 1. Let o = 2 + -2. Let c be w(o). What is the highest common divisor of 60 and c?
12
Let m(f) = -f**2 - f + 126. Let n be m(0). Let j be 4/(12/21)*2. Let x be ((-36)/j)/(4/(-28)). What is the highest common divisor of x and n?
18
Suppose -6 = -5*p + 3*p. Suppose -2*d + 7 = -p*s, 4*s + 19 = 4*d - s. What is the greatest common factor of d and 33?
11
Let h(w) = w**3 - 2*w**2. Let p be h(2). Suppose p = -i - 2*i + 27. Calculate the highest common divisor of 36 and i.
9
Let c be (-328)/(-18) + (-32)/144. What is the highest common divisor of c and 18?
18
Suppose 4*s - 5*f - 35 - 49 = 0, s - 21 = -2*f. Let j be ((-12)/7)/((-3)/s). What is the greatest common divisor of j and 6?
6
Let g(r) = -3*r**3. Let h be g(-1). Suppose 3 = 4*q - h*q. Let a(s) = s - 1. Let l be a(q). Calculate the greatest common factor of l and 14.
2
Let z be (6/5)/(9/30). Let d be 0 - 1 - (z + -40). Calculate the highest common factor of d and 14.
7
Suppose -x + 22 = -14. What is the highest common divisor of x and 252?
36
Let v(d) = d**3 + 2*d**2 - 2*d - 2. Let l be v(2). Suppose r - y - 8 = 0, 54 = 5*r + 2*y - 0*y. What is the greatest commo